ainder when 12950025 is divided by 59.
56
Calculate the remainder when 1064919098 is divided by 436.
434
What is the remainder when 14280477 is divided by 2040068?
1
What is the remainder when 2056742 is divided by 382?
54
What is the remainder when 3299556 is divided by 824888?
4
Calculate the remainder when 235307 is divided by 4705.
57
What is the remainder when 2351 is divided by 742?
125
What is the remainder when 10956139 is divided by 567?
565
Calculate the remainder when 112128931 is divided by 28032218.
59
Calculate the remainder when 1270744 is divided by 875.
244
What is the remainder when 457757 is divided by 757?
529
What is the remainder when 2146991 is divided by 715628?
107
What is the remainder when 5204989 is divided by 416?
413
Calculate the remainder when 236330 is divided by 78459.
953
Calculate the remainder when 33921 is divided by 2110.
161
Calculate the remainder when 1178709 is divided by 1178697.
12
What is the remainder when 2402590 is divided by 17537?
21
Calculate the remainder when 168522 is divided by 9361.
24
What is the remainder when 4209743 is divided by 395?
228
What is the remainder when 3583350 is divided by 267?
210
What is the remainder when 6130130 is divided by 4623?
32
Calculate the remainder when 873119 is divided by 22.
5
What is the remainder when 16686262 is divided by 327?
106
What is the remainder when 56268 is divided by 3744?
108
Calculate the remainder when 240114 is divided by 3125.
2614
What is the remainder when 3052103 is divided by 393?
65
What is the remainder when 2254564 is divided by 2254487?
77
What is the remainder when 15805234 is divided by 5739?
28
Calculate the remainder when 52784 is divided by 541.
307
Calculate the remainder when 260648 is divided by 52101.
143
Calculate the remainder when 474213741 is divided by 19.
18
What is the remainder when 5839713 is divided by 530881?
22
What is the remainder when 5147963 is divided by 192?
59
What is the remainder when 26477326 is divided by 5?
1
Calculate the remainder when 558759 is divided by 186238.
45
Calculate the remainder when 17550 is divided by 17534.
16
Calculate the remainder when 272585877 is divided by 20.
17
Calculate the remainder when 108488 is divided by 36095.
203
What is the remainder when 198348 is divided by 701?
666
What is the remainder when 236120149 is divided by 3270?
3259
What is the remainder when 2678355 is divided by 1018?
1015
Calculate the remainder when 8547890 is divided by 4273944.
2
What is the remainder when 1459745919 is divided by 6?
3
What is the remainder when 179709349 is divided by 575?
574
What is the remainder when 1980791 is divided by 19?
3
What is the remainder when 6782556 is divided by 5150?
6
Calculate the remainder when 14424177 is divided by 26.
1
Calculate the remainder when 4487609 is divided by 4774.
49
Calculate the remainder when 2942656 is divided by 980884.
4
What is the remainder when 440635 is divided by 87891?
1180
What is the remainder when 16338487 is divided by 124?
123
Calculate the remainder when 195240 is divided by 2211.
672
Calculate the remainder when 756692 is divided by 2314.
14
What is the remainder when 25361817 is divided by 1564?
1557
What is the remainder when 4188 is divided by 1939?
310
What is the remainder when 769801 is divided by 227?
44
What is the remainder when 28880 is divided by 14434?
12
What is the remainder when 257239 is divided by 128602?
35
Calculate the remainder when 690255 is divided by 2635.
2520
Calculate the remainder when 33289237 is divided by 635.
632
What is the remainder when 14394985 is divided by 120966?
31
What is the remainder when 156058774 is divided by 6113?
6110
What is the remainder when 92292670 is divided by 557?
555
What is the remainder when 966491299 is divided by 25?
24
Calculate the remainder when 30758489 is divided by 4647.
4643
Calculate the remainder when 1967237 is divided by 250.
237
What is the remainder when 3015512 is divided by 370?
12
Calculate the remainder when 123354 is divided by 39.
36
Calculate the remainder when 228202 is divided by 613.
166
What is the remainder when 251606 is divided by 2765?
2756
What is the remainder when 175532 is divided by 72?
68
Calculate the remainder when 5121505 is divided by 58.
47
What is the remainder when 738533 is divided by 369253?
27
Calculate the remainder when 1751896 is divided by 535.
306
Calculate the remainder when 219506 is divided by 36464.
722
What is the remainder when 2749951857 is divided by 15?
12
What is the remainder when 1147612 is divided by 125?
112
What is the remainder when 450909 is divided by 259?
249
What is the remainder when 205687 is divided by 51404?
71
Calculate the remainder when 532415 is divided by 133103.
3
Calculate the remainder when 5336655 is divided by 213461.
130
Calculate the remainder when 4766174 is divided by 75.
74
Calculate the remainder when 304565 is divided by 101235.
860
Calculate the remainder when 332452 is divided by 19365.
3247
What is the remainder when 139459 is divided by 12669?
100
Calculate the remainder when 7465679 is divided by 25.
4
Calculate the remainder when 4743764 is divided by 397.
11
What is the remainder when 3399879 is divided by 3383?
3347
What is the remainder when 4019978 is divided by 2118?
14
Calculate the remainder when 233090 is divided by 57025.
4990
What is the remainder when 285649 is divided by 47598?
61
What is the remainder when 188942 is divided by 1927?
96
What is the remainder when 10797201 is divided by 3599061?
18
What is the remainder when 2601839 is divided by 293?
292
Calculate the remainder when 50719 is divided by 1961.
1694
What is the remainder when 43107475 is divided by 255?
235
What is the remainder when 63864 is divided by 12680?
464
Calculate the remainder when 119059 is divided by 888.
67
Calculate the remainder when 20221742 is divided by 573.
572
What is the remainder when 6540594 is divided by 281?
38
What is the remainder when 1783739 is divided by 1918?
1917
What is the remainder when 99694 is divided by 1186?
70
Calculate the remainder when 8567481 is divided by 1029.
27
What is the remainder when 529302 is divided by 795?
627
Calculate the remainder when 4688363 is divided by 2343.
20
What is the remainder when 28435379 is divided by 227?
224
What is the remainder when 696458 is divided by 40966?
36
Calculate the remainder when 34051 is divided by 45.
31
Calculate the remainder when 167872 is divided by 55956.
4
What is the remainder when 1170067 is divided by 79?
77
What is the remainder when 293062 is divided by 6001?
5014
Calculate the remainder when 1840000 is divided by 3426.
238
What is the remainder when 15492323 is divided by 315?
308
What is the remainder when 4773 is divided by 936?
93
What is the remainder when 21772301 is divided by 6?
5
What is the remainder when 24510494 is divided by 2048?
30
Calculate the remainder when 8099494 is divided by 115.
44
What is the remainder when 408162 is divided by 391?
349
Calculate the remainder when 1640290944 is divided by 14.
12
What is the remainder when 5239777 is divided by 4247?
3226
Calculate the remainder when 18778762 is divided by 9389314.
134
Calculate the remainder when 173506 is divided by 1761.
928
Calculate the remainder when 523807 is divided by 271.
235
What is the remainder when 1011161 is divided by 1011050?
111
What is the remainder when 50859 is divided by 111?
21
Calculate the remainder when 2878789 is divided by 959266.
991
What is the remainder when 150843 is divided by 10769?
77
What is the remainder when 7994 is divided by 5?
4
Calculate the remainder when 203713846 is divided by 234.
232
What is the remainder when 254823 is divided by 13367?
850
Calculate the remainder when 862764 is divided by 143793.
6
Calculate the remainder when 5842316 is divided by 1947381.
173
Calculate the remainder when 8214929 is divided by 15.
14
Calculate the remainder when 40998806 is divided by 206024.
30
Calculate the remainder when 114268 is divided by 8.
4
Calculate the remainder when 1972028 is divided by 9172.
48
What is the remainder when 625846 is divided by 18?
4
What is the remainder when 550470 is divided by 1793?
19
Calculate the remainder when 775258 is divided by 157.
149
Calcu